132584755?
5, 19, 1395629
What are the prime factors of 102696813?
3, 17, 83, 8087
List the prime factors of 3051421.
59, 51719
What are the prime factors of 233177502?
2, 3, 61, 637097
What are the prime factors of 43436203?
53, 739, 1109
List the prime factors of 1336122052.
2, 211, 379, 4177
What are the prime factors of 1629946968?
2, 3, 13, 421, 12409
List the prime factors of 177457940.
2, 5, 11, 241, 3347
What are the prime factors of 65685409?
967, 67927
List the prime factors of 1417578325.
5, 56703133
List the prime factors of 851604052.
2, 13, 17, 883, 1091
What are the prime factors of 44237087?
479, 92353
List the prime factors of 909096485.
5, 11, 41, 59, 6833
List the prime factors of 426724638.
2, 3, 41, 347, 4999
What are the prime factors of 17052574?
2, 7, 11, 110731
List the prime factors of 2181296642.
2, 7, 673, 33073
List the prime factors of 309865.
5, 29, 2137
List the prime factors of 19056071.
19056071
List the prime factors of 97465500.
2, 3, 5, 11, 179
What are the prime factors of 1134020371?
11, 47, 2193463
What are the prime factors of 79205212?
2, 523, 37861
List the prime factors of 206145551.
1597, 129083
List the prime factors of 794286523.
101, 2267, 3469
List the prime factors of 9944055.
3, 5, 11, 20089
List the prime factors of 1418506940.
2, 5, 19, 269, 13877
List the prime factors of 564835962.
2, 3, 94139327
List the prime factors of 1859072658.
2, 3, 23, 1423, 9467
What are the prime factors of 1394546550?
2, 3, 5, 17, 546881
List the prime factors of 94992688.
2, 7, 848149
What are the prime factors of 4042735755?
3, 5, 59, 127, 35969
What are the prime factors of 1786316321?
23, 79, 983113
List the prime factors of 27754964.
2, 139, 49919
List the prime factors of 1263332980.
2, 5, 7, 13, 653, 1063
List the prime factors of 1539766937.
191, 8061607
What are the prime factors of 19490024?
2, 17, 139, 1031
List the prime factors of 750116857.
7, 17, 6303503
What are the prime factors of 7757112431?
85411, 90821
List the prime factors of 2161160958.
2, 3, 11, 32744863
What are the prime factors of 2817116218?
2, 7, 181, 1111727
What are the prime factors of 3592993468?
2, 8419, 106693
What are the prime factors of 37095882?
2, 3, 6182647
What are the prime factors of 902192612?
2, 163, 1383731
What are the prime factors of 442876896?
2, 3, 7, 11, 317
What are the prime factors of 205705090?
2, 5, 191, 107699
List the prime factors of 141860471.
2137, 66383
List the prime factors of 2573506410.
2, 3, 5, 17, 127, 39733
List the prime factors of 295638071.
9391, 31481
What are the prime factors of 742479641?
17, 773, 56501
List the prime factors of 41065160.
2, 5, 29, 35401
List the prime factors of 23992855.
5, 4798571
What are the prime factors of 58805719?
7, 317, 26501
List the prime factors of 429077154.
2, 3, 11, 139, 46771
What are the prime factors of 994783001?
2609, 381289
List the prime factors of 6853045.
5, 61, 22469
What are the prime factors of 1612904457?
3, 97, 5542627
List the prime factors of 2901089.
59, 49171
What are the prime factors of 1451542743?
3, 7, 113, 203897
List the prime factors of 492124193.
11, 157, 233, 1223
What are the prime factors of 113168540?
2, 5, 479, 11813
What are the prime factors of 559263976?
2, 97, 839, 859
What are the prime factors of 4049456471?
41, 467, 211493
List the prime factors of 5730175216.
2, 293, 1222307
List the prime factors of 2509634359.
547, 4587997
What are the prime factors of 1352858551?
11, 23, 179, 29873
List the prime factors of 101821227.
3, 331, 102539
What are the prime factors of 43649112?
2, 3, 13, 139901
List the prime factors of 3181602475.
5, 887, 143477
List the prime factors of 60160849.
7, 8594407
What are the prime factors of 143181858?
2, 3, 23863643
What are the prime factors of 83781808?
2, 11, 73, 6521
What are the prime factors of 789231722?
2, 109, 3620329
What are the prime factors of 65470042?
2, 11, 2975911
List the prime factors of 45838633.
61, 751453
List the prime factors of 30828942.
2, 3, 31, 55249
List the prime factors of 253619800.
2, 5, 7, 181157
List the prime factors of 81746486.
2, 40873243
What are the prime factors of 23508783?
3, 23, 337
List the prime factors of 2515780480.
2, 5, 23, 277, 617
What are the prime factors of 4259170653?
3, 571, 2486381
List the prime factors of 1005388549.
11, 3463, 26393
List the prime factors of 3997235070.
2, 3, 5, 44413723
What are the prime factors of 306437345?
5, 29, 2113361
What are the prime factors of 729487184?
2, 3673, 12413
List the prime factors of 71382447.
3, 7931383
What are the prime factors of 137064190?
2, 5, 13706419
List the prime factors of 32497353.
3, 7, 17, 19, 1597
List the prime factors of 61156229.
61156229
What are the prime factors of 572412704?
2, 149, 271, 443
What are the prime factors of 169189630?
2, 5, 31, 545773
What are the prime factors of 314800500?
2, 3, 5, 7, 4283
What are the prime factors of 109338999?
3, 7, 11, 127, 3727
List the prime factors of 336386602.
2, 19, 29, 383, 797
List the prime factors of 591808361.
591808361
List the prime factors of 383108050.
2, 5, 13, 607, 971
What are the prime factors of 182248772?
2, 17, 41, 131, 499
What are the prime factors of 109119415?
5, 21823883
List the prime factors of 565583387.
17, 33269611
List the prime factors of 370519513.
7, 13, 19, 214297
List the prime factors of 596608143.
3, 307, 647783
What are the prime factors of 8435860729?
157, 53731597
What are the prime factors of 128359894?
2, 13, 17, 89, 251
List the prime factors of 55253673.
3, 6139297
List the prime factors of 466565393.
7, 61, 1092659
List the prime factors of 1911112547.
1911112547
What are the prime factors of 3257621566?
2, 17, 1381, 69379
What are the prime factors of 266472039?
3, 29, 37, 82781
List the prime factors of 463813727.
13, 35677979
List the prime factors of 382385217.
3, 31, 293, 14033
List the prime factors of 2010125173.
7, 307, 935377
What are the prime factors of 2344866139?
7, 11, 395491
List the prime factors of 79720050.
2, 3, 5, 131, 4057
List the prime factors of 109992182.
2, 6151, 8941
What are the prime factors of 959198894?
2, 479599447
List the prime factors of 9698406.
2, 3, 1616401
List the prime factors of 1413924874.
2, 11527, 61331
What are the prime factors of 311873055?
3, 5, 13, 977, 1637
List the prime factors of 9289531.
17, 79, 6917
List the prime factors of 56227525.
5, 23, 97787
What are the prime factors of 102090797?
17, 6005341
What are the prime factors of 302352364?
2, 71, 229, 4649
List the prime factors of 623325264.
2, 3, 17, 763879
What are the prime factors of 60013504?
2, 41, 22871
What are the prime factors of 301588089?
3, 11, 9139033
What are the prime factors of 42967422?
2, 3, 265231
What are the prime factors of 340420873?
13, 223, 117427
What are the prime factors of 201848661?
3, 7, 149, 21503
List the prime factors of 156434499.
3, 13, 83, 89, 181
What are the prime factors of 8353315576?
2, 1044164447
What are the prime factors of 58226303?
58226303
What are the prime factors of 1944943481?
13, 9547, 15671
What are the prime factors of 1167929436?
2, 3, 97327453
What are the prime factors of 83157300?
2, 3, 5, 19, 1621
What are the prime factors of 658641286?
2, 479, 687517
What are the prime factors of 2321321151?
3, 17, 45516101
What are the prime factors of 419948851?
7, 59992693
What are the prime factors of 172501232?
2, 10781327
What are the prime factors of 484817669?
7, 69259667
List the prime factors of 1915401719.
7, 11, 71, 50051
What are the prime factors of 168992957?
7, 24141851
What are the prime factors of 3771360795?
3, 5, 43, 2141, 2731
List the prime factors of 1621393465.
5, 31, 37, 269, 1051
What are the prime factors of 1152433352?
2, 7, 457, 919
List the prime factors of 88140608.
2, 61, 107, 211
What are the prime factors of 191200623?
3, 311, 204931
List the prime factors of 228507928.
2, 11, 2596681
List the prime factors of 1961726953.
19, 29, 461, 7723
List the prime factors of 35368717.
35368717
What are the prime factors of 3216156793?
71, 197, 229939
List the prime factors of 1546413713.
13, 9150377
What are the prime factors of 3467578556?
2, 13, 6577, 10139
What are the prime factors of 63226469?
4